86
Suppose -3*u - f = 4*f + 55, -2*u - 3*f = 35. Let p = u - -12. Let c be ((-57)/(-5))/(p/10). Calculate the greatest common divisor of c and 19.
19
Let b = -755 + 1028. Calculate the highest common divisor of b and 14.
7
Suppose -813 = -8*n - 141. Calculate the greatest common divisor of 24 and n.
12
Let l be (4/(-6))/(51/(-459)). What is the highest common factor of 6 and l?
6
Suppose -m + 2*m - 80 = 0. Suppose 0 = -29*t + 697 - 117. What is the highest common divisor of m and t?
20
Suppose 2*b - b = 37. Suppose 4*w - 95 = 53. Calculate the highest common factor of b and w.
37
Suppose -449*u + 264 = -441*u. Calculate the greatest common divisor of 88 and u.
11
Suppose 2*x + 1358 = 4*s, 6*x - 4*x = -2*s + 682. What is the highest common factor of 425 and s?
85
Let g be (-23)/((-1449)/270)*28. What is the greatest common factor of 96 and g?
24
Suppose -3*p - 5*o = -9 - 6, -p - 5*o = -5. Let c be (-1 - -4) + -3 - 1. Let u be 1/c*(1 + -2). Calculate the highest common factor of p and u.
1
Let k = 942 - 924. Suppose -3*l + 270 = -0*l. What is the greatest common divisor of l and k?
18
Let d(y) = -29*y + 10. Let c be d(-5). Suppose j - 133 - c = 0. Calculate the highest common divisor of j and 32.
32
Suppose 7*r - 30 = 2*r - 3*v, 5 = 5*r - 2*v. Suppose -214 = -r*m - 22. Calculate the highest common factor of m and 8.
8
Let p = 197 - 131. Calculate the highest common divisor of p and 6.
6
Let u = 1309 + -1176. Calculate the greatest common factor of u and 35.
7
Let v(k) = 16*k**2 + 11*k + 2. Let h be v(2). Calculate the highest common divisor of h and 11.
11
Let u(a) = a**2 - 7*a - 14. Let q(k) = -4*k - 5. Let y be q(-4). Let n be u(y). Let f be (-8)/(-1 + 26/n). Calculate the highest common factor of f and 24.
12
Suppose -4*y = -9*y + 55. Let s = 6 - y. Let v be -3*10*(3 + s). Calculate the highest common factor of v and 24.
12
Let j(q) = -5*q - 5. Let a be j(-5). Suppose 5*w = w + a. Suppose -3*s + 49 = -h, -w*s = -2*s + 2*h - 64. Calculate the greatest common divisor of 72 and s.
18
Let g be (1/((-9)/(-12)))/(4/6). Suppose -3*v + 2*a = 6*a - 44, 5*v = g*a + 30. What is the highest common factor of v and 12?
4
Let h = 31 + -23. Suppose -63 = -h*b + 5*b. Let f be 28/b*(-48)/(-2). What is the greatest common factor of 256 and f?
32
Suppose 8*j = -15*j + 6*j + 51. Let w = 16 + -10. Calculate the highest common divisor of j and w.
3
Let d(g) = 3*g**2 + 5*g + 3. Let m be d(-3). Let c be 16/6 + (-10)/m. What is the highest common factor of c and 2?
2
Suppose -a - 3*a + 3*j + 5 = 0, 3*j + 10 = 5*a. Let h(t) = 4*t**2 + t + 2. Let o be h(-1). Calculate the greatest common factor of o and a.
5
Let u = 312 + -253. What is the highest common factor of 944 and u?
59
Suppose n - 4*n = 0. Suppose j = -z + 101, 5*j + n*z - 3*z - 537 = 0. What is the highest common divisor of j and 15?
15
Suppose 3*q + 2*r - 30 = 0, -7*q + 50 = -2*q + 5*r. What is the greatest common divisor of 160 and q?
10
Suppose 26*m - 2721 = 1959. What is the greatest common factor of m and 30?
30
Let a(h) = -6*h + 3. Let j be a(3). Let g(u) = 3*u - 16. Let l be g(6). Let y be -3 - (l + -1)*j. What is the highest common divisor of y and 24?
12
Suppose l - 5*w = 14, -4*l + 3*w = -0*w - 22. Let z(h) = h**3 + 11*h**2 + 12. Let k be z(-11). What is the greatest common factor of l and k?
4
Suppose -3*b + 5*y = 2, 2*b - y = -2*b + 20. Let h be 208/5 - (-6)/15. What is the greatest common factor of b and h?
6
Let o = 1347 + -303. Calculate the greatest common factor of o and 36.
36
Let q = -9 + 9. Suppose -h + q*h - 11 = 3*i, -4*i = 4*h + 12. Let x = i + 8. Calculate the highest common factor of x and 8.
4
Let f(k) = 10*k**3 + 3*k**2 - 4. Let s be f(2). Calculate the greatest common factor of s and 66.
22
Let c = -232 + 664. What is the greatest common divisor of 48 and c?
48
Let b = 1076 + -600. What is the highest common divisor of 28 and b?
28
Let l(u) = 2*u**2 + 14*u + 32. Let x be l(-23). Suppose -x = -2*k - 4*o, -k + 3*o = o - 376. Calculate the greatest common factor of 20 and k.
20
Let n = 7 - 4. Suppose 0 = n*w - 29 - 1. Suppose 16*k - 193 = 927. What is the highest common factor of w and k?
10
Let t be (-6300)/(-245)*(0 + 21/2). Calculate the highest common divisor of 108 and t.
54
Let k(m) = 8*m**3 - 2*m**2 + 5*m - 4. Let a be k(1). Suppose -f - 4*q + 53 = 0, a*f + q = 2*f + 284. What is the greatest common divisor of 627 and f?
57
Let c = -3 + 3. Suppose l - 4*l + 24 = c. Let j = -32 + 48. Calculate the highest common factor of l and j.
8
Let t be (-4 - 8 - -10)/((-2)/217). Calculate the greatest common factor of 7 and t.
7
Let t be 2/(1/18 - 0). Let x(r) = r. Let k(b) = 14*b + 2. Let h(o) = -k(o) + 4*x(o). Let g be h(-2). What is the greatest common factor of g and t?
18
Let s be 21/((-28)/4)*1768/(-6). What is the highest common divisor of 104 and s?
52
Suppose -3*i + 4*f = -127 - 84, 3*i - 229 = -5*f. Let y = 8 + i. Suppose -4*k + y = -k. What is the greatest common factor of k and 9?
9
Let l = 237 + -226. Calculate the highest common factor of l and 352.
11
Let z = -1 + 9. Let y be (z/12)/(10/255). Calculate the highest common factor of y and 119.
17
Suppose 25 = -f - 3*z + 7*z, -3*f - 30 = -3*z. Let n(i) = -i**2 - 4*i + 11. Let h be n(f). Calculate the highest common divisor of h and 30.
6
Suppose 3*t = -7*m + 9*m + 62, -4*m = 4*t - 56. Calculate the greatest common factor of t and 162.
18
Let w be (-11 - (-5 + (-2 - -1))) + 23. Let m be 1/4 + (-70)/(-8). What is the greatest common divisor of m and w?
9
Let y = 156 + -57. Suppose -5*w + 42 = 3*v - 0, -4*w = -5*v + 33. What is the greatest common factor of y and v?
9
Let o = 44 - 24. What is the highest common divisor of o and 20?
20
Suppose -1 = -2*v + 41. Calculate the greatest common divisor of v and 147.
21
Suppose 0*f + 4*f = -2*y - 444, -5*y - 10 = 0. Let n = f - -281. Calculate the greatest common divisor of n and 19.
19
Suppose j = -j + 44. Let f be -4*21/(-14) + (-25)/(-10)*2. Calculate the greatest common factor of j and f.
11
Let q = -73 + 136. Suppose 0 = -287*o + 282*o - 4*g + 82, 4*g + 16 = 2*o. Calculate the highest common factor of o and q.
7
Let k = 7 + -1. Let h(s) = s**3 - 6*s**2 + 4*s + 11. Let f be h(k). Let o be (2 - 4)*-1*f. What is the greatest common factor of 35 and o?
35
Let h(a) = 8*a**2 - 6*a - 5 - 11*a**2 + 9*a**2. Let s be h(6). What is the highest common factor of 7 and s?
7
Let q be 181/14 + 1/14. Calculate the greatest common divisor of q and 117.
13
Let f(t) = 13*t - 2 + 14 - 2*t + t**2 - t. Let w be f(-9). Suppose -4*l + 36 = s + s, 3*s + 45 = w*l. Calculate the greatest common factor of l and 121.
11
Let i be (-14)/(-21) + 40/12. What is the greatest common factor of 13 and i?
1
Let k(n) = 186*n - 76. Let v be k(6). Calculate the highest common divisor of v and 120.
40
Let n(r) = 5*r**3 - 2*r**2 - r. Let g = 7 - 4. Let b = 5 - g. Let u be n(b). Calculate the greatest common divisor of 10 and u.
10
Let o = 97 - 74. Suppose 5*j = 4*p - o, -3*p = -2*j - 3 - 16. Calculate the highest common divisor of p and 56.
7
Suppose -2*z - 338 = -3*z + u, 682 = 2*z - 5*u. What is the highest common divisor of 8 and z?
8
Let z(y) = y**3 - 6*y**2 - 5*y + 5. Let d be z(7). Let v = -77 + 172. What is the highest common divisor of d and v?
19
Suppose 82 = 5*i - 293. Calculate the highest common factor of i and 30.
15
Suppose 2*c - 152 = 398. Let k be (-2 - 4/(-1)) + 23. Calculate the highest common factor of c and k.
25
Let p(s) = s**3 + 6*s**2 + s + 8. Let h be p(-6). Suppose 3*k + 2*k - h*u - 35 = 0, 5*u = 25. Calculate the greatest common factor of k and 6.
3
Let g = -35 - -39. Let t be (6/(-12))/(1/12*-1). Calculate the greatest common divisor of g and t.
2
Suppose -18 = 5*q - 8*q. Let j(g) = q*g + 0*g - 8*g + 9*g + 5. Let n be j(13). What is the greatest common factor of 24 and n?
24
Suppose -19*j + 40*j = 1680. Calculate the highest common factor of j and 15.
5
Let d(y) = -19*y + 99. Let j be d(-9). What is the greatest common factor of j and 54?
54
Let i(s) = s**2 - 13 + s**3 + 35 - 10*s**2 + 7*s. Let f be i(8). What is the greatest common factor of f and 7?
7
Suppose -3*o + 38 = 4*x, -o + x = -0 - 1. Calculate the highest common divisor of 34 and o.
2
Let x(k) = k. Let d be x(1). Let p = 15 + d. Suppos